{"id":189,"date":"2022-01-25T14:12:13","date_gmt":"2022-01-25T13:12:13","guid":{"rendered":"https:\/\/www.p2ml.org\/p2ml\/?page_id=189"},"modified":"2025-05-29T10:42:47","modified_gmt":"2025-05-29T09:42:47","slug":"patents","status":"publish","type":"page","link":"https:\/\/www.p2ml.org\/p2ml\/patents\/","title":{"rendered":"Patents"},"content":{"rendered":"\n<ul class=\"wp-block-list\">\n<li><strong>M\u00c9TODO DE TRATAMIENTO CON AGUA ACTIVADA POR PLASMA DE MATERIALES AUXILIARES DE ORIGEN FORESTAL PARA LA CONSERVACI\u00d3N DEL VINO Y USO DEL AGUA ACTIVADA POR PLASMA<\/strong>. Elisa Sainz-Garc\u00eda, Lucia Gonz\u00e1lez-Arenzana, Ana Sainz-Garc\u00eda, Isabel L\u00f3pez-Alfaro, Rodolfo M\u00fagica-Vidal, Ana Rosa Guti\u00e9rrez, Ignacio Muro-Fraguas, Roc\u00edo Escribano-Viana, Ana Gonz\u00e1lez-Marcos, Fernando Alba-El\u00edas.\u00a0Universidad de La Rioja. <strong>ES2958166B2<\/strong>, 20\/08\/2024.\u00a0PRE-EXAM procedure.<\/li>\n\n\n\n<li><strong>PROCEDIMIENTO DE RECUBRIMIENTO ANTIFRICCI\u00d3N Y RECUBRIMIENTO OBTENIDO MEDIANTE DICHO PROCEDIMIENTO Y USO<\/strong>. Ignacio Muro-Fraguas, Rodolfo M\u00fagica-Vidal, Ana Sainz-Garc\u00eda, Elisa Sainz-Garc\u00eda, Ana Gonz\u00e1lez-Marcos, Fernando Alba-El\u00edas. Universidad de La Rioja. <strong>ES2957344B2<\/strong>, 08\/11\/2024.\u00a0PRE-EXAM procedure.<\/li>\n\n\n\n<li><strong>M\u00c9TODO DE TRATAMIENTO ANTIDESLIZAMIENTO PARA SUELAS DE CALZADO<\/strong>.\u00a0Rodolfo M\u00fagica-Vidal, Ignacio Muro-Fraguas, Elisa Sainz-Garc\u00eda, Ana Sainz-Garc\u00eda, Ana Gonz\u00e1lez-Marcos, Fernando Alba-El\u00edas. Universidad de La Rioja. <strong>ES2953858B2<\/strong>, 31\/03\/2025.\u00a0PRE-EXAM procedure.<\/li>\n\n\n\n<li><strong>PRO-BIOFILM COATING, PRODUCTION METHOD THEREOF, AND SUBSTRATE COATED WITH SAME<\/strong>. Yolanda S\u00e1enz, Fernando Alba-El\u00edas, Mar\u00eda L\u00f3pez, Elisa Sainz, Carmen Lozano, Rodolfo M\u00fagica, Beatriz Rojo, Ana Gonz\u00e1lez-Marcos, Paula Toledano, Ignacio Muro. Universidad de La Rioja (50%) and Fundaci\u00f3n Rioja Salud (50%). <strong>ES2720026B2<\/strong>, 26\/06\/2020. Requested in USA, UE and Japan. PRE-EXAM procedure.<\/li>\n\n\n\n<li><strong>CARRO ALIMENTADOR PARA M\u00c1QUINA COMPRESORA Y USO DEL MISMO<\/strong>.<strong> Triadic Patent<\/strong>: F. Alba-El\u00edas, L. Mart\u00ednez, A. Gonz\u00e1lez-Marcos, J. Ordieres. Universidad de La Rioja (65%) y UPM (35%). Spain: <strong>ES2424568 <\/strong>(2014), Japan: <strong>JP5976962<\/strong> (2016), USA: <strong>US10322557B2<\/strong> (2019) and EU: <strong>EP2949440A4<\/strong> (2020). PRE-EXAM procedure<\/li>\n\n\n\n<li><strong>DISPOSITIVO PARA MEJORAR EL CURVADO DE TUBOS<\/strong>, R. Lostado, M. Corral, L. Mart\u00ednez, R. Fern\u00e1ndez, E. Sainz, F. Alba-El\u00edas. Universidad de La Rioja. <strong>ES2405296<\/strong>, 10\/10\/2013. PRE-EXAM procedure.<\/li>\n\n\n\n<li><strong>APARATO PARA ACONDICIONAR MATERIAL PARTICULADO MEDIANTE MEZCLA, HUMECTACI\u00d3N Y SECADO<\/strong>. Joaqu\u00edn Ordieres Mer\u00e9, Eliseo Vergara Gonz\u00e1lez, Francisco Javier Mart\u00ednez de Pis\u00f3n Ascacibar, Fernando Alba-El\u00edas, Manuel Castej\u00f3n Limas. Universidad de La Rioja. <strong>ES2339082<\/strong>, 13\/12\/2011. PRE-EXAM procedure.<\/li>\n\n\n\n<li><strong>DISPOSITIVO PARA COMPRESI\u00d3N DE ADITIVOS ALIMENTARIOS EN POLVO<\/strong>. Joaqu\u00edn Ordieres Mer\u00e9, Fernando Alba-El\u00edas, Jos\u00e9 Antonio G\u00f3mez Cristobal Jorge Muro Hern\u00e1ndez, Eduardo Mart\u00ednez de Pis\u00f3n Ascacibar, L\u00e1zaro Cremades Oliver. Universidad de La Rioja. <strong>ES2326511<\/strong>, 18\/02\/2010. PRE-EXAM procedure.<\/li>\n\n\n\n<li><strong>DISPOSITIVO DE ABSORCI\u00d3N AC\u00daSTICA<\/strong>. Joaqu\u00edn Ordieres Mer\u00e9, Fernando Alba-El\u00edas, Eliseo Vergara Gonz\u00e1lez, Francisco Javier Mart\u00ednez de Pis\u00f3n Ascacibar, Alpha Ver\u00f3nica Pern\u00eda Espinosa, Ana Gonz\u00e1lez Marcos. Universidad de La Rioja. <strong>ES2326769<\/strong>, 16\/03\/2010. PRE-EXAM procedure. <strong>Marketed<\/strong>.<\/li>\n\n\n\n<li><strong>TECHO CON ABSORCI\u00d3N ACUSTICA VARIABLE<\/strong>. Joaqu\u00edn Ordieres Mer\u00e9, Fernando Alba-El\u00edas. Universidad de La Rioja. <strong>ES2327592<\/strong>, 09\/08\/2010. PRE-EXAM procedure. <strong>Marketed<\/strong>.<\/li>\n\n\n\n<li><strong>PROCEDIMIENTO Y SISTEMA PARA EL TRATAMIENTO DE AGUAS CONTAMINADAS CON METALES PESADOS<\/strong>. Fernando Alba-El\u00edas, Joaqu\u00edn Ordieres Mer\u00e9, Eliseo Vergara Gonz\u00e1lez, Ana Gonz\u00e1lez-Marcos. Universidad de La Rioja. <strong>ES2325349<\/strong>, 16\/04\/2010. PRE-EXAM procedure.<\/li>\n\n\n\n<li><strong>MEJORAS INTRODUCIDAS EN LA PATENTE DE INVENCION P200202907 POR SUMINISTRADOR-DOSIFICADOR DE COMPRIMIDOS A ENVASES PARA LA INDUSTRIA ALIMENTARIA<\/strong>. Joaqu\u00edn Ordieres Mer\u00e9, Eliseo Vergara Gonz\u00e1lez, Francisco Javier Mart\u00ednez de Pis\u00f3n Ascacibar, Fernando Alba-El\u00edas. Universidad de La Rioja. <strong>ES2277503<\/strong>, 01\/02\/2008. PRE-EXAM procedure. <strong>Marketed<\/strong>.<\/li>\n\n\n\n<li><strong>SUMINISTRADOR-DOSIFICADOR DE COMPRIMIDOS A ENVASES PARA LA INDUSTRIA ALIMENTARIA<\/strong>. Joaqu\u00edn Ordieres Mer\u00e9, Eliseo Vergara Gonz\u00e1lez, Francisco Javier Mart\u00ednez de Pis\u00f3n Ascacibar, Fernando Alba-El\u00edas, Manuel Castej\u00f3n L\u00edmas. Universidad de La Rioja. <strong>ES2242475<\/strong>, 03\/07\/2007. PRE-EXAM procedure. <strong>Marketed<\/strong>.<\/li>\n<\/ul>\n\n\n\n<p><\/p>\n","protected":false},"excerpt":{"rendered":"","protected":false},"author":1,"featured_media":0,"parent":0,"menu_order":0,"comment_status":"closed","ping_status":"closed","template":"","meta":{"_monsterinsights_skip_tracking":false,"_monsterinsights_sitenote_active":false,"_monsterinsights_sitenote_note":"","_monsterinsights_sitenote_category":0,"footnotes":""},"class_list":["post-189","page","type-page","status-publish","hentry","grid-sizer"],"_links":{"self":[{"href":"https:\/\/www.p2ml.org\/p2ml\/wp-json\/wp\/v2\/pages\/189"}],"collection":[{"href":"https:\/\/www.p2ml.org\/p2ml\/wp-json\/wp\/v2\/pages"}],"about":[{"href":"https:\/\/www.p2ml.org\/p2ml\/wp-json\/wp\/v2\/types\/page"}],"author":[{"embeddable":true,"href":"https:\/\/www.p2ml.org\/p2ml\/wp-json\/wp\/v2\/users\/1"}],"replies":[{"embeddable":true,"href":"https:\/\/www.p2ml.org\/p2ml\/wp-json\/wp\/v2\/comments?post=189"}],"version-history":[{"count":8,"href":"https:\/\/www.p2ml.org\/p2ml\/wp-json\/wp\/v2\/pages\/189\/revisions"}],"predecessor-version":[{"id":443,"href":"https:\/\/www.p2ml.org\/p2ml\/wp-json\/wp\/v2\/pages\/189\/revisions\/443"}],"wp:attachment":[{"href":"https:\/\/www.p2ml.org\/p2ml\/wp-json\/wp\/v2\/media?parent=189"}],"curies":[{"name":"wp","href":"https:\/\/api.w.org\/{rel}","templated":true}]}}